is the ten thousands digit of 2565873?
6
What is the tens digit of 8635725?
2
What is the millions digit of 2722695?
2
What is the hundred thousands digit of 18546479?
5
What is the tens digit of 34087730?
3
What is the hundreds digit of 2398245?
2
What is the tens digit of 341600?
0
What is the thousands digit of 2932273?
2
What is the hundred thousands digit of 896745?
8
What is the thousands digit of 4101670?
1
What is the hundreds digit of 2157801?
8
What is the thousands digit of 282531?
2
What is the hundreds digit of 599034?
0
What is the hundred thousands digit of 2232455?
2
What is the units digit of 3838188?
8
What is the hundreds digit of 11674720?
7
What is the tens digit of 686085?
8
What is the units digit of 97402?
2
What is the hundred thousands digit of 475446?
4
What is the tens digit of 515745?
4
What is the hundreds digit of 2187913?
9
What is the ten thousands digit of 99474?
9
What is the millions digit of 14970736?
4
What is the millions digit of 1076348?
1
What is the millions digit of 17008369?
7
What is the ten thousands digit of 566950?
6
What is the ten thousands digit of 302945?
0
What is the thousands digit of 2662157?
2
What is the tens digit of 5121378?
7
What is the ten thousands digit of 278336?
7
What is the hundred thousands digit of 1867166?
8
What is the hundreds digit of 21019713?
7
What is the ten millions digit of 34120341?
3
What is the tens digit of 442940?
4
What is the thousands digit of 1930865?
0
What is the hundreds digit of 93870?
8
What is the units digit of 857261?
1
What is the thousands digit of 2005781?
5
What is the hundreds digit of 21748249?
2
What is the tens digit of 762078?
7
What is the thousands digit of 385945?
5
What is the ten thousands digit of 32526?
3
What is the millions digit of 3913475?
3
What is the ten thousands digit of 189055?
8
What is the units digit of 933930?
0
What is the thousands digit of 254762?
4
What is the thousands digit of 30577330?
7
What is the hundred thousands digit of 2918194?
9
What is the tens digit of 358735?
3
What is the hundred thousands digit of 903250?
9
What is the ten millions digit of 30571957?
3
What is the units digit of 934207?
7
What is the units digit of 4189056?
6
What is the ten thousands digit of 2074016?
7
What is the units digit of 368713?
3
What is the ten millions digit of 24235444?
2
What is the thousands digit of 11732626?
2
What is the units digit of 644265?
5
What is the thousands digit of 1082698?
2
What is the thousands digit of 2702742?
2
What is the ten thousands digit of 1320928?
2
What is the units digit of 2727638?
8
What is the ten millions digit of 10391671?
1
What is the hundreds digit of 31924?
9
What is the hundred thousands digit of 313046?
3
What is the millions digit of 1319623?
1
What is the units digit of 21514772?
2
What is the thousands digit of 923770?
3
What is the tens digit of 640276?
7
What is the tens digit of 189028?
2
What is the tens digit of 122776?
7
What is the units digit of 895381?
1
What is the thousands digit of 36613?
6
What is the ten thousands digit of 7238254?
3
What is the units digit of 312762?
2
What is the units digit of 21980642?
2
What is the hundred thousands digit of 1442347?
4
What is the hundreds digit of 3954624?
6
What is the thousands digit of 59512?
9
What is the ten millions digit of 19154158?
1
What is the hundred thousands digit of 3314191?
3
What is the hundred thousands digit of 403378?
4
What is the ten thousands digit of 10383188?
8
What is the thousands digit of 4563491?
3
What is the hundred thousands digit of 105367?
1
What is the units digit of 24666160?
0
What is the thousands digit of 4223621?
3
What is the tens digit of 68364?
6
What is the hundred thousands digit of 9439686?
4
What is the tens digit of 21118194?
9
What is the ten thousands digit of 160696?
6
What is the hundreds digit of 277528?
5
What is the ten thousands digit of 181566?
8
What is the ten thousands digit of 6238255?
3
What is the tens digit of 5618795?
9
What is the hundred thousands digit of 848169?
8
What is the units digit of 11651485?
5
What is the tens digit of 8572610?
1
What is the units digit of 142973?
3
What is the units digit of 1661253?
3
What is the hundreds digit of 1320?
3
What is the ten thousands digit of 17395121?
9
What is the tens digit of 1157798?
9
What is the hundreds digit of 1191935?
9
What is the hundreds digit of 653836?
8
What is the tens digit of 65220?
2
What is the millions digit of 1181474?
1
What is the hundred thousands digit of 318730?
3
What is the units digit of 247584?
4
What is the thousands digit of 912929?
2
What is the ten thousands digit of 6401514?
0
What is the tens digit of 17362608?
0
What is the tens digit of 66727?
2
What is the thousands digit of 1672203?
2
What is the tens digit of 685592?
9
What is the units digit of 564018?
8
What is the millions digit of 6623661?
6
What is the hundreds digit of 1920602?
6
What is the tens digit of 6447819?
1
What is the tens digit of 606122?
2
What is the hundreds digit of 396585?
5
What is the tens digit of 473614?
1
What is the ten thousands digit of 2514409?
1
What is the tens digit of 3206039?
3
What is the tens digit of 6163298?
9
What is the units digit of 12749985?
5
What is the hundreds digit of 344566?
5
What is the units digit of 4042708?
8
What is the thousands digit of 1719?
1
What is the hundreds digit of 1725823?
8
What is the hundred thousands digit of 1713363?
7
What is the ten thousands digit of 167887?
6
What is the thousands digit of 174058?
4
What is the thousands digit of 6626668?
6
What is the units digit of 54625?
5
What is the hundreds digit of 55631?
6
What is the tens digit of 8164?
6
What is the tens digit of 7132439?
3
What is the hundreds digit of 3623376?
3
What is the hundreds digit of 3524203?
2
What is the tens digit of 1280425?
2
What is the hundreds digit of 1871865?
8
What is the units digit of 814210?
0
What is the thousands digit of 2272668?
2
What is the units digit of 71771?
1
What is the tens digit of 20034542?
4
What is the hundred thousands digit of 4350301?
3
What is the tens digit of 3230902?
0
What is the thousands digit of 5380500?
0
What is the units digit of 15387478?
8
What is the ten thousands digit of 5126614?
2
What is the thousands digit of 4747122?
7
What is the ten thousands digit of 29773124?
7
What is the tens digit of 1958279?
7
What is the hundreds digit of 826688?
6
What is the millions digit of 12171201?
2
What is the millions digit of 3607545?
3
What is the hundreds digit of 3835494?
4
What is the hundreds digit of 24147?
1
What is the tens digit of 1166634?
3
What is the thousands digit of 372530?
2
What is the hundreds digit of 3408429?
4
What is the hundreds digit of 14158003?
0
What is the tens digit of 177441?
4
What is the ten thousands digit of 179137?
7
What is the hundreds digit of 291675?
6
What is the millions digit of 1949063?
1
What is the thousands digit of 59695?
9
What is the hundreds digit of 198200?
2
What is the thousands digit of 12878643?
8
What is the thousands digit of 209443?
9
What is the hundred thousands digit of 107588?
1
What is the tens digit of 318448?
4
What is the tens digit of 16422129?
2
What is the units digit of 152121?
1
What is the hundreds digit of 1073365?
3
What is the hundreds digit of 48921?
9
What is the ten thousands digit of 7140454?
4
What is the ten thousands digit of 281534?
8
What is the millions digit of 6473781?
6
What is the ten millions digit of 10111512?
1
What is the thousands digit of 789335?
9
What is the hundreds digit of 387663?
6
What is the units digit of 3246656?
6
What is the units digit of 223823?
3
What is the units digit of 407178?
8
What is the thousands digit of 24822958?
2
What is the hundreds digit of 1268758?
7
What is the thousands digit of 16119?
6
What is the thousands digit of 658207?
8
What is the thousands digit of 552547?
2
What is the hundred thousands digit of 1431324?
4
What is the thousands digit of 91379?
1
What is the units digit of 35971601?
1
What is the tens digit of 1581011?
1
What is the ten thousands digit of 6457072?
5
What is the hundreds digit of 428432?
4
What is the thousands digit of 8814532?
4
What is the hundred thousands digit of 576494?
